6
Suppose 0 = 5*k - 0*k - 55. Suppose -2*t + i = 7, -t + 5*i = 3*t + k. Let h(s) = -s**3 - 3*s**2 + 5*s + 2. Determine h(t).
-2
Let a(k) = -4*k - 3. Let r be (16/(-32))/((-2)/(-16)). Determine a(r).
13
Let q(k) = -5*k**3 + 8*k**2 - 7. Let l(a) = 11*a**3 - 17*a**2 + a + 15. Let p(c) = -4*l(c) - 9*q(c). Give p(4).
-13
Suppose 4*m - 3 - 25 = 0. Let n(h) = -h**3 - 21 - m*h**2 + 22 + 14*h**2 - 7*h. Give n(5).
16
Let h(c) = 4*c - 104. Let j be h(24). Let a(g) = -13*g**2 - 36*g + 5. Let q(n) = 3*n**2 + 9*n - 1. Let i(d) = 2*a(d) + 9*q(d). Calculate i(j).
-7
Let b(p) = -p + 1. Let z(m) = m**2 - 11*m + 7. Let r(c) = -6*b(c) + z(c). What is r(2)?
-5
Let v(j) = -j**3 + j**2 - j + 1. Let m(i) = 3*i**3 - 3*i**2 - 2*i. Let o(h) = m(h) + 2*v(h). Determine o(3).
8
Let f be (-3 - -4)*(3 - -1). Let a(z) = -5 - f*z + 5 + 1 + 3*z**2 - 4*z**2. Determine a(-3).
4
Let q(x) be the first derivative of 2 + 1/2*x**2 + 5*x - 1/3*x**3. Calculate q(0).
5
Suppose 2*b + 14 = 4*c, 0*b - 2*b = 4*c - 26. Suppose -2*k = -6*k + 24. Let h(j) = 2*j**2 - 2 - 3*j**2 - 3 + k*j - j. What is h(c)?
-5
Let b = 11 - 7. Let y(w) be the first derivative of -w**3/3 - 3*w**2/2 + 6*w + 9. Let c(r) be the first derivative of y(r). Give c(b).
-11
Let r(m) be the first derivative of 1/20*m**5 + 1/6*m**4 + 0*m**2 + 1 - 1/2*m**3 - 2*m. Let o(q) be the first derivative of r(q). Determine o(-3).
0
Let b(n) be the third derivative of -n**5/60 - 5*n**4/24 + n**3/6 - 25*n**2. Determine b(-4).
5
Let q(y) = 1. Let n(l) = -l - 24. Let j(p) = -n(p) - 3*q(p). What is j(0)?
21
Let w(b) = -2*b - 4. Let i = -7 + 1. Determine w(i).
8
Let w(x) be the third derivative of x**4/24 + x**3/6 + x**2. Suppose 0 = -s + 5*v - 9, 2*v = -5*s - 3 - 15. Give w(s).
-3
Let q(i) = -i**2 + 6*i + 3. Let v(z) = -4 + 0 + 4*z**2 - 3*z**2 - 6*z. Let f(b) = 6*q(b) + 5*v(b). Give f(4).
6
Suppose p - 3 = -3*q, 3*p - 15 = 3*q - 2*p. Let d(u) = 0 - 3 - 3 - u - 2. Give d(q).
-8
Suppose 0*x = 2*x + 8. Let i(a) = -a - 3. Calculate i(x).
1
Let c(s) = s**2 + 2*s - 11. Let q be c(-5). Let o(k) be the third derivative of 1/120*k**6 - 1/60*k**5 + 1/6*k**3 - 1/6*k**q - k**2 + 0*k + 0. What is o(3)?
7
Let y(z) be the third derivative of z**5/30 + z**4/24 + z**2. Let c be y(-1). Let x(j) = -13*j**3 - 1. What is x(c)?
-14
Let f(c) = -c**3 - 4*c**2 - 4*c - 6. Suppose 0 = -3*d + 8*d + 4*z + 26, -3*d = -5*z - 14. Let v = -2 + d. What is f(v)?
10
Suppose -35 = -9*j + 4*j. Let y(i) = 2*i**3 - 13*i**2 - 15*i + 13. Let u(x) = -x**3 + 7*x**2 + 8*x - 7. Let s(b) = j*u(b) + 4*y(b). What is s(2)?
-9
Let o(n) = n + 1. Let r(u) = 10*u + 10. Let v(b) = 6*o(b) - r(b). Let s(w) = w - 11. Let k be s(8). Calculate v(k).
8
Let s(i) = -2*i**2 - 3*i. Let m(x) = 2 + x + 7 + 0*x. Let q be m(-7). Suppose 0 = q*z + 7 - 3. Determine s(z).
-2
Let l(s) = -s**3 + 13*s**2 + 16*s - 27. Let h be l(14). Let x(z) = -17*z + 1. Calculate x(h).
-16
Let l(c) be the first derivative of -c**4/12 - c**3/6 - 7*c**2/2 + 8*c - 2. Let p(i) be the first derivative of l(i). Determine p(0).
-7
Let i(x) = -2*x**2 - 8*x + 5. Let d be i(-5). Let z(f) = -5*f**2 + 4*f**2 + 1 - 5*f + 2. Determine z(d).
3
Let s(i) = -6*i + 2. Let y(u) = -1 + 1 + 2 - 5*u - 1. Let t(g) = -4*s(g) + 5*y(g). Suppose 2*b - 4*o + 16 = -0*o, -3*o = -9. Determine t(b).
-1
Let r(t) = 246 + t - 246. Determine r(-1).
-1
Let n(v) = -6*v**3 + 15*v**2 - 2*v - 4. Let w(k) = 3*k**3 - 8*k**2 + k + 2. Let i(u) = 6*n(u) + 11*w(u). Calculate i(2).
-20
Let y be (-2)/(-8) + 7/4. Let t(a) be the second derivative of a**4/12 + a**2/2 + a. Give t(y).
5
Suppose 2*r = -5*m, -6*m = -m - 5*r + 35. Let g = -4 - -12. Let l(v) = v**2 + 2 - 5 + 4*v - g*v + 0. What is l(m)?
9
Let z(b) = -1. Let d(k) = -k - 7. Let v(c) = d(c) + z(c). Let a be v(-8). Let w(t) = -t + 3 + a - 2*t. What is w(3)?
-6
Suppose 0*v + v = 4. Let w(n) = 7*n**2 - 10*n + 13. Let a(y) = 3*y**2 - 5*y + 6. Let r = -16 - -14. Let u(i) = r*w(i) + 5*a(i). Give u(v).
0
Let p(a) = -a + 2. Let z(x) = x**2 - 7*x - 9. Let k be z(8). Let j be (0 + k)*(5 - 8). Suppose j*v - 4 - 8 = 0. Give p(v).
-2
Let m be -2 + 1/((-1)/(-6)). Let d(f) be the third derivative of -f**5/60 + f**4/6 - f**3 + 32*f**2. Determine d(m).
-6
Let l = -17 + 15. Let r(f) = f**3 - 2*f - 1. Determine r(l).
-5
Let s(z) be the second derivative of -z**3/2 + z**2/2 - 19*z. What is s(2)?
-5
Let a(w) = w**2 + 6*w. Let q = -19 - -12. Calculate a(q).
7
Let x be -2 - (5/(-20) - (-14)/(-8)). Let b = 9 - 3. Let t(i) = -2*i**2 - i + b + 2*i**2 - i**2. Determine t(x).
6
Let n be (0 - 0)/(-7 - -9). Suppose n = i + 4*i - 5. Let v(c) = -5*c**3. Calculate v(i).
-5
Let x = 6 + -5. Let a be (-3 - -4)/(x/3). Let v(t) = -5 + a - 4*t + 2. Determine v(-1).
4
Suppose 0 = -5*p - 0*p - 10. Let r(l) = -l**2 - 3*l - 1. Let v be r(p). Let s(i) = v + 0 + i + 1. Give s(5).
7
Let y(c) = -2*c + 10 + 3*c - 14. Give y(5).
1
Let q(p) be the first derivative of -p**2 - 5*p - 2. Let i be q(-4). Let a(u) = u**2 - 3*u - 4*u**2 + 2*u**2 + i. What is a(-4)?
-1
Let g = -107 - -107. Let f(l) be the second derivative of g + l - l**2 + 1/2*l**3 - 5/12*l**4 + 1/20*l**5. What is f(4)?
-6
Let u(x) = 11*x - 6. Let g(o) = -1. Let f(q) = 5*g(q) - u(q). Calculate f(-1).
12
Let h(k) be the first derivative of 7*k**3/3 + k - 10. Determine h(-1).
8
Let h(o) = o**2 + 7*o - 6. Let a(x) = -x**2 - 2*x + 2. Let d be a(2). Give h(d).
-12
Let o(c) = -3*c - 4. Let p be 4/(-18) + 116/36. Suppose p = -5*y - 2. Let w be y + 0 + 4/(-2). Calculate o(w).
5
Let f(p) = 10*p + 10. Let j(q) = 4*q + 4. Let m = -4 - -2. Let n be (m/2)/((-5)/25). Let t(o) = n*f(o) - 12*j(o). Give t(-4).
-6
Let h(g) = -g - 6. Let b(d) = d - 2. Suppose n + 6 = -3*u, u + u = 3*n - 4. Let t be b(u). Give h(t).
-2
Let h(n) = 7*n**2 + 6*n - 2. Let m(v) = 2*v**2 + v + 1. Let j(f) = -h(f) + 3*m(f). Give j(4).
-23
Let s(z) = -2*z**3 - 2*z**2 + 3*z + 2. Let n be s(-2). Let p(l) = -n*l + 6*l - 2 - 3*l. Determine p(0).
-2
Let s(g) = g**2 + 12*g + 3. Let y(x) = x**2 + 11*x + 3. Let t be 165/(-35) + 4/(-14). Suppose 5*v = 18 + 2. Let u(n) = t*y(n) + v*s(n). What is u(-5)?
7
Let f(z) = z**2 - 4*z + 4. Let u be f(4). Let t(c) be the third derivative of 1/6*c**3 + 0 + 1/8*c**u - 3*c**2 + 0*c. Determine t(1).
4
Let w = 37 + -38. Let u(d) = -10*d**3 - d**2 - 2*d - 1. Calculate u(w).
10
Let q(k) be the first derivative of -k**6/360 - k**5/120 - k**3 + 4. Let f(d) be the third derivative of q(d). Determine f(1).
-2
Let b = -17 + 20. Suppose -14 = -b*r + 4. Let y(c) = -c**3 + 7*c**2 - 7*c + 4. What is y(r)?
-2
Let y(p) = -p**3 - 3*p**2 - 5*p - 2. Let k(l) = -l - 1. Let v(q) = -2*k(q) + y(q). Determine v(-3).
9
Let c(k) = 21*k + 56. Let o(z) = -2*z - 5. Let s(m) = -5*c(m) - 56*o(m). Let v be -1 + 0/(-4) + -1. Calculate s(v).
-14
Let d(g) be the first derivative of g**2/2 + 8*g + 39. Give d(0).
8
Let j(u) be the second derivative of 0 - u + 1/12*u**4 - 5/6*u**3 + 2*u**2. Suppose 5*h + 13 = -3*b, 35 = 2*b + 3*b - 3*h. What is j(b)?
0
Let l(d) = -2*d**2 - 6*d + 6. Let g = -12 + 7. Let v(w) = 2*w**2 + 7*w - 7. Let r(a) = g*v(a) - 6*l(a). Give r(-2).
5
Let k(z) = -7*z**2 - 3*z + 7. Let b(q) = -15*q**2 - 7*q + 15. Let j(l) = -6*b(l) + 13*k(l). Give j(3).
1
Let b be ((-3)/2)/((-6)/56). Suppose -3*u + 3*q = q - b, -2*q + 4 = 0. Let k(g) = -g**2 + 5*g + 4. Calculate k(u).
-2
Let c(v) = -5*v**2 + 0 - 3*v - 3 + 7*v**2 - 3*v**2. Give c(-3).
-3
Suppose 4*b + b + h = -38, -5*h = -5*b - 20. Let a = b - -4. Let l be 2/a + (-1)/3. Let v(x) = -7*x + 1. Calculate v(l).
8
Let i(o) = 2*o**2 + 15*o - 23. Let m(u) = -1. Let a(l) = -l**2 - 7*l + 10. Let g(x) = a(x) - m(x). Let t(y) = 13*g(y) + 6*i(y). Give t(-4).
-7
Let r(l) = -4*l - 3. Suppose 6*q + 3 = 5*q. Give r(q).
9
Let x(j) = -5. Let p(k) = -32 + 2*k - k + 6. Let c(z) = -2*p(z) + 11*x(z). Suppose s + u = -2*s - 6, -15 = -5*u. What is c(s)?
3
Let w(x) = -2*x - 1. Suppose -4*g + 3*n + 16 = -n, -2*g - 3*n = 17. Let l = g + -2. Give w(l).
5
Let y(o) = -4*o - 8. Let f(p) = 1 - 7 - p + 1 + 2. Let x(i) = -7*f(i) + 2*y(i). Give x(0).
5
Let q(r) be the second derivative of -r**3/6 + 5*r**2/2 - r. Let u be 1 + 18 + 6 + -3. Suppose -4*c = -2*n - u, 2*n + 8 = c - n. What is q(c)?
0
Let t be 0/(-6*(-4)/(-8)). Let n(d) = t - 4*d**2 + 5*d + 2*d**2 + 6 + 3*d**2. Calculate n(-4).
2
Suppose 0 = 5*r - 0*r + 15. Let b(j) = 6*